ulate z(o).
-13
Suppose -3*i - 3*g + 6 = 0, -5*i + 7 + 2 = 4*g. Let t(z) = -4*z + 3*z**3 + z + z**2 + 4*z - i. Determine t(1).
4
Let s(p) = -6*p - p**2 - 2 + 0*p - 1. Let g be s(-6). Let n be ((-3)/g)/(2/4). Let q(o) = o**3 - o + 1. What is q(n)?
7
Let h(j) = 5*j - 3. Let q be (-7)/(-3) - (-2)/3. Give h(q).
12
Let j be ((-2)/4)/((-1)/(-4)). Let x(b) = -2*b**2 - b. Give x(j).
-6
Let u be (-12)/4 - 30/(-3). Let y = -12 + u. Let w(h) = h + 7. Give w(y).
2
Let m(j) = -j**3 + 3*j**2 - 2*j. Let w be m(3). Let r(y) be the third derivative of -y**6/120 - 7*y**5/60 - y**4/4 + 7*y**3/6 - 11*y**2. What is r(w)?
7
Let s(u) = 3*u - 1. Suppose 5 = -5*f, -4*i + 3 = -2*i + f. Give s(i).
5
Let v(n) be the third derivative of -n**6/120 - n**5/15 + n**4/8 + 5*n**3/6 - 2*n**2. Let b(y) = -y**2 - y + 2. Let m be b(-3). Determine v(m).
-7
Let w(z) be the first derivative of -z**3/3 + z + 1. Suppose 0 = -3*x + l - 8, -3*x - 2*l - 4 = x. Give w(x).
-3
Let n be 144/14 + 2/(-7). Suppose j - 5*o = -n*o + 27, 5*j - 5*o - 15 = 0. Let h(c) = -4 - 2 + c + j + 1. Determine h(5).
7
Let q(a) = a + 1. Let o(g) = 1. Let y be 1 + -5*(-3 - -2). Let f(i) = y*o(i) + q(i). What is f(-5)?
2
Let u(l) = -29*l - 2. Let f be u(-1). Suppose f*t - 31*t + 16 = 0. Let j(y) = -3*y + 6. Give j(t).
-6
Let i(w) be the second derivative of w**7/840 - w**6/72 + w**5/120 + w**3/2 + 5*w. Let s(l) be the second derivative of i(l). What is s(4)?
-12
Let f(i) = -i**3 - 3*i**2 + 2. Suppose -2*k + 3 - 17 = 0. Let p = k - -4. What is f(p)?
2
Let o(c) = c**3 + 4*c**2 - 4. Let h be (-12)/(1 - (-22)/(-18)). Let j be ((-4)/6)/(12/h). Calculate o(j).
5
Let a(m) = -2*m - 1. Let z(y) be the first derivative of y**2 - y - 2. Let q be z(3). What is a(q)?
-11
Let u(h) = 5*h**2 + 5*h - 5. Let b(y) = 14*y**2 + 15*y - 15. Let d(t) = -4*b(t) + 11*u(t). Suppose 0 = 4*r - r - 30. Let s = -15 + r. Give d(s).
5
Suppose 4 + 2 = 3*z. Let b(x) = -3 - z + 4 + x. Let j be 1 - (-2)/(-4)*2. What is b(j)?
-1
Let u(n) = n**3 - 6*n**2 + 3*n + 3. Let i(v) = v**3 - 6*v**2 + 2*v + 3. Let j(g) = -3*i(g) + 2*u(g). Determine j(6).
-3
Let l(n) = n**3. Let o(s) = -6*s**3 - 5*s**2 - s - 2. Let q(k) = -5*l(k) - o(k). Calculate q(-5).
-3
Suppose -10 = 4*t - 5*t. Suppose q + q - t = 0. Let l(a) = a**2 + 0*a**2 + 0*a - 2 + q*a + 8. Calculate l(-4).
2
Let d = -2 + 1. Suppose 9 = -5*g - 0*r - 4*r, 5 = -4*g - r. Let j = g - d. Let m(l) = l**3 + l**2 - l + 12. What is m(j)?
12
Let i(t) = 3*t**3 - 4*t**2 - 2*t - 1. Let g(q) = -q**2 - q. Let s(x) = 3*g(x) - i(x). Suppose 0 = 6*y - y - 5. Calculate s(y).
-2
Let t(g) = g**3 - 5*g**2 + 4*g + 1. Let w be t(3). Let j(r) = -r**3 - 5*r**2 - 2*r + 2. Give j(w).
12
Let i be (4 - 1)*(0 + 1). Let r(b) = -3 - b + 1 + i. Give r(0).
1
Let f(z) = -z**3 + 5*z**2 - 1. Suppose 5*u - 10*u = -10. Suppose -h - u*h + 15 = 0. Calculate f(h).
-1
Let y be 0/(0 + (1 - 0)). Let r(b) = 1 + y*b**2 - 5*b + b**2 + 3. Let c(x) = -x + 13. Let w be c(10). Calculate r(w).
-2
Let v(u) = 7*u**2 + 6*u + 8. Let i be (-2)/4*(-10 - -8). Let b(r) = r**3 - r - 1. Let n(l) = i*b(l) + v(l). What is n(-6)?
13
Let q be -6 - (-3)/(4 + -1). Let l(n) be the first derivative of n**3/3 + 3*n**2 + 3. Determine l(q).
-5
Let l(s) = -7*s + 4. Let q(m) = -m**3 - 16*m**2 + 18*m + 20. Let i be q(-17). Give l(i).
-17
Let w(v) be the third derivative of -v**5/60 + v**4/4 + 4*v**3/3 + 12*v**2. What is w(6)?
8
Let r(h) be the second derivative of 3/2*h**2 - 2/3*h**3 + 0 - 2*h. What is r(4)?
-13
Let q(s) be the second derivative of s**4/6 - 2*s**2 - 6*s. Calculate q(3).
14
Let p(n) = 12*n**2 - 1. Let o(a) = 3*a**2 + 2*a - 1. Let d be o(1). Let b be (10/(-20))/((-2)/d). Calculate p(b).
11
Let g(h) = -3 + 0*h - h - 2*h + 4*h. What is g(4)?
1
Let j be 4/(-18) + 29/9. Let v(q) = -q**2 + q + 4. Give v(j).
-2
Let b(a) = -5*a + 1. Let s(t) = 3*t - 1. Let p(n) = -4*b(n) - 7*s(n). What is p(0)?
3
Let r(a) = -a**2 - 2*a - 3. Suppose 18 = 2*q - 2. Suppose -3*f = -4 + q. What is r(f)?
-3
Let w(i) = -6*i + 1. Suppose -3*r = -0*r. Suppose -20 = 5*c, -3*f - f + 5*c + 16 = r. Calculate w(f).
7
Let r(t) = t**2 - t + 1. Let j(q) = q**3 + 4*q**2 - 10*q - 21. Let b be j(-5). Give r(b).
13
Let h(i) be the first derivative of -i**2 + 5*i - 10. Calculate h(6).
-7
Let s = 19 - 13. Suppose 3*a = s + 9. Suppose -2*d + 9 = -2*u - a, 2*d + 3*u = -6. Let m(k) = k**3 - 2*k**2 - 2*k + 3. Determine m(d).
6
Let a(f) = -f**3 + f**2 - 6*f + 4. Let o(y) = y**3 - 2*y**2 + 7*y - 5. Let t(l) = 6*a(l) + 5*o(l). What is t(-4)?
3
Let o(z) = z**3 - z**2 + 3. Let n(t) = -4*t + 1. Let f be n(-1). Let v = f - 5. Determine o(v).
3
Let r(a) be the second derivative of -a**3/6 - 3*a**2/2 + 11*a. Let b = 1 - 6. What is r(b)?
2
Let p(j) = -j - 3. Let h be 3/12 - (-74)/(-8). Calculate p(h).
6
Let o(p) = 17*p + 9. Let f(q) = 4*q + 2. Let l(i) = 26*f(i) - 6*o(i). Suppose 0 = 3*x + 3*n + 18, -n - 2 - 8 = 3*x. What is l(x)?
-6
Let m(s) = -s + 0*s**2 + 3 - 6*s - s**2. Give m(-8).
-5
Let t(c) be the third derivative of -c**5/30 + c**3/3 + 4*c**2. Let r be ((-4)/(-6))/(2/(-6)). Let o = r - 0. Give t(o).
-6
Suppose y - 3 - 3 = 0. Let n(g) = g**3 - 5*g**2 - 7*g + 5. Give n(y).
-1
Let p(h) = -2*h - 2. Let c be ((-1)/(-2))/(1/14). Let a be 2 + (0 + 2 - 0). Suppose c*b = 4*b - a*f - 1, 4*b + 2*f + 8 = 0. Calculate p(b).
4
Suppose 0 = 2*w + 4, 4*z + 4*w = 3*w - 2. Let d(b) = -b**3 - 2*b**2 + z - 5*b**2 - 3 + 5*b**2 + b. Determine d(-3).
3
Suppose -9 = 3*y - 24. Let j(o) = o**2 - 6*o + 6. Calculate j(y).
1
Let v(n) = 12 + 11*n**2 - 5*n**2 - 5*n**2 - 12*n. What is v(10)?
-8
Suppose -5 = d - 8. Let j(n) = d - 6*n + 7*n - 4 - 7*n. Give j(1).
-7
Let c(s) = -s + 8. Let q be -5*(-4)/10 - -3. Give c(q).
3
Let x be 1*3*2/3. Let k(l) = 2*l. Let q(c) = -c + 1. Let o(z) = x*k(z) + 2*q(z). Calculate o(-4).
-6
Let z(l) = -l**2 + 9*l. Let v(b) = -6*b**2 + 46*b - 1. Let u(x) = -2*v(x) + 11*z(x). Determine u(-7).
2
Let j(m) be the third derivative of m**5/30 - m**4/8 - m**3/6 - 27*m**2. Calculate j(-2).
13
Let d = 803/4980 - 12/83. Let u(y) be the third derivative of -1/120*y**6 + 2*y**2 + 0*y + 0 + 0*y**4 + 1/6*y**3 + d*y**5. Give u(1).
1
Let z be 1/(-3)*(-57)/19. Let o(r) be the third derivative of -r**7/560 - r**5/60 - 2*r**2. Let i(c) be the third derivative of o(c). Give i(z).
-9
Let j(m) be the third derivative of -m**6/720 - m**5/120 - m**4/12 - m**2. Let g(r) be the second derivative of j(r). Give g(-3).
2
Let j be -5*(-4)/10 - 6. Let a = 6 - 4. Let f(l) = 6 - 5*l + 0*l**a - l**2 - 4. Determine f(j).
6
Let m(s) = -s - 5. Let n(f) = 3. Let a(p) = -3*m(p) - 5*n(p). Let c(h) = -h**3 + h**2 + h. Let b be c(0). Let r = b + 2. Determine a(r).
6
Let u(t) = -t**2 - 6*t + 6. Suppose 0 = 3*b - 1 + 22. Give u(b).
-1
Let l(d) be the third derivative of 2*d**2 + 1/20*d**5 + 0 + 0*d**4 + 0*d - 1/3*d**3. Let n(k) be the first derivative of l(k). Calculate n(-1).
-6
Let f be 1*(-1 - (3 + -2 - -1)). Let u(v) = v**2 + 2*v. Determine u(f).
3
Let u = -13 - -15. Let w(b) = -8*b - 2. Determine w(u).
-18
Suppose x + 2*x + 15 = -5*s, -4*x - 6 = 2*s. Let d(v) = -v + 3*v**2 + 7 - 3 + 3*v**2 - 5*v**2. Determine d(x).
4
Let l(z) = -11*z + 1. Let s = -6 + 7. Give l(s).
-10
Let b be -2 - (1 + 0 + 1). Let m be -1 + 0 + -1 + b. Let r(o) = -o**2 - 7*o - 2. Calculate r(m).
4
Let h = 2 + -1. Let p be (h + 1)*20/(-8). Let j(i) = -4 + 3*i**3 - 3*i**3 + 2*i**2 + 5*i + i**3 + 4*i**2. Calculate j(p).
-4
Let u(s) be the third derivative of -7/24*s**4 - 1/6*s**3 + 0*s + 0 - 1/10*s**5 - s**2 - 1/120*s**6. Give u(-5).
9
Let v(r) be the first derivative of -r**2/2 - 8*r - 28. Determine v(-11).
3
Let o(z) = 2*z - 31. Let a be o(18). Let b(q) = 3*q - 4. Calculate b(a).
11
Let r(o) be the second derivative of -o**4/12 + 2*o**2 + 4*o. Let h = -3 - 1. Determine r(h).
-12
Let f(d) = 2*d**3 - 21*d**2 + d - 4. Let p(k) = k**3 - 10*k**2 + k - 2. Let q(r) = -4*f(r) + 9*p(r). Determine q(5).
-2
Let j(t) = -2*t**3 + 6*t**2 - 5. Let g(l) = -l**3 + l**2 + l - 1. Let v(k) = 3*g(k) - j(k). Calculate v(-4).
6
Let a(t) = t**2 + 7*t + 3. Suppose j - d - 1 = -5, -j - 10 = 2*d. Determine a(j).
-3
Let n be -5*8/(-20) - 3. Let u(o) = 9*o**3 + 1. Determine u(n).
-8
Let o(r) = 3*r - 1. Let q be o(-1). Let c(g) = -3*g - 6. Calculate c(q).
6
Let k be -2 - (-1 + 0/3). Let o(v) = -5*v**3 + 2*v**2 - 2*v - 